[INFO] cloning repository https://github.com/sunjay/voxel-editor
[INFO] running `Command { std: "git" "-c" "credential.helper=" "-c" "credential.helper=/workspace/cargo-home/bin/git-credential-null" "clone" "--bare" "https://github.com/sunjay/voxel-editor" "/workspace/cache/git-repos/https%3A%2F%2Fgithub.com%2Fsunjay%2Fvoxel-editor", kill_on_drop: false }`
[INFO] [stderr] Cloning into bare repository '/workspace/cache/git-repos/https%3A%2F%2Fgithub.com%2Fsunjay%2Fvoxel-editor'...
[INFO] running `Command { std: "git" "rev-parse" "HEAD", kill_on_drop: false }`
[INFO] [stdout] 0407750393f6a7fb37aff8dae52bbdfd51bef61d
[INFO] checking sunjay/voxel-editor against try#72f88fc4e9458f89516a0b8b0868f3718aec5b47 for pr-74989
[INFO] running `Command { std: "git" "clone" "/workspace/cache/git-repos/https%3A%2F%2Fgithub.com%2Fsunjay%2Fvoxel-editor" "/workspace/builds/worker-9/source", kill_on_drop: false }`
[INFO] [stderr] Cloning into '/workspace/builds/worker-9/source'...
[INFO] [stderr] done.
[INFO] validating manifest of git repo https://github.com/sunjay/voxel-editor on toolchain 72f88fc4e9458f89516a0b8b0868f3718aec5b47
[INFO] running `Command { std: "/workspace/cargo-home/bin/cargo" "+72f88fc4e9458f89516a0b8b0868f3718aec5b47" "read-manifest" "--manifest-path" "Cargo.toml", kill_on_drop: false }`
[INFO] started tweaking git repo https://github.com/sunjay/voxel-editor
[INFO] finished tweaking git repo https://github.com/sunjay/voxel-editor
[INFO] tweaked toml for git repo https://github.com/sunjay/voxel-editor written to /workspace/builds/worker-9/source/Cargo.toml
[INFO] crate git repo https://github.com/sunjay/voxel-editor already has a lockfile, it will not be regenerated
[INFO] running `Command { std: "/workspace/cargo-home/bin/cargo" "+72f88fc4e9458f89516a0b8b0868f3718aec5b47" "fetch" "--locked" "--manifest-path" "Cargo.toml", kill_on_drop: false }`
[INFO] [stderr]     Updating git repository `https://github.com/sebcrozet/kiss3d`
[INFO] [stderr] error: the lock file /workspace/builds/worker-9/source/Cargo.lock needs to be updated but --locked was passed to prevent this
[INFO] [stderr] If you want to try to generate the lock file without accessing the network, use the --offline flag.
[INFO] the lockfile is outdated, regenerating it
[INFO] running `Command { std: "/workspace/cargo-home/bin/cargo" "+72f88fc4e9458f89516a0b8b0868f3718aec5b47" "generate-lockfile" "--manifest-path" "Cargo.toml" "-Zno-index-update", kill_on_drop: false }`
[INFO] [stderr]     Updating git repository `https://github.com/sebcrozet/kiss3d`
[INFO] running `Command { std: "/workspace/cargo-home/bin/cargo" "+72f88fc4e9458f89516a0b8b0868f3718aec5b47" "fetch" "--locked" "--manifest-path" "Cargo.toml", kill_on_drop: false }`
[INFO] [stderr]  Downloading crates ...
[INFO] [stderr]   Downloaded simba v0.2.0
[INFO] [stderr]   Downloaded glfw v0.8.0
[INFO] [stderr]   Downloaded nalgebra v0.22.0
[INFO] [stderr]   Downloaded ncollide3d v0.24.0
[INFO] running `Command { std: "docker" "create" "-v" "/var/lib/crater-agent-workspace/builds/worker-9/target:/opt/rustwide/target:rw,Z" "-v" "/var/lib/crater-agent-workspace/builds/worker-9/source:/opt/rustwide/workdir:ro,Z" "-v" "/var/lib/crater-agent-workspace/cargo-home:/opt/rustwide/cargo-home:ro,Z" "-v" "/var/lib/crater-agent-workspace/rustup-home:/opt/rustwide/rustup-home:ro,Z" "-e" "SOURCE_DIR=/opt/rustwide/workdir" "-e" "CARGO_TARGET_DIR=/opt/rustwide/target" "-e" "CARGO_HOME=/opt/rustwide/cargo-home" "-e" "RUSTUP_HOME=/opt/rustwide/rustup-home" "-w" "/opt/rustwide/workdir" "-m" "1610612736" "--user" "0:0" "--network" "none" "rustops/crates-build-env@sha256:d92eaeed33fa75130ca1ee6c8a01d1ffb62bac859dfdfb3450e3e5d1c0146529" "/opt/rustwide/cargo-home/bin/cargo" "+72f88fc4e9458f89516a0b8b0868f3718aec5b47" "metadata" "--no-deps" "--format-version=1", kill_on_drop: false }`
[INFO] [stderr] WARNING: Your kernel does not support swap limit capabilities or the cgroup is not mounted. Memory limited without swap.
[INFO] [stdout] a54b47db5f6177a9ef0417c7fcf998a25be13b2ccfd5ae9f62b01793b4f18e41
[INFO] running `Command { std: "docker" "start" "-a" "a54b47db5f6177a9ef0417c7fcf998a25be13b2ccfd5ae9f62b01793b4f18e41", kill_on_drop: false }`
[INFO] running `Command { std: "docker" "inspect" "a54b47db5f6177a9ef0417c7fcf998a25be13b2ccfd5ae9f62b01793b4f18e41", kill_on_drop: false }`
[INFO] running `Command { std: "docker" "rm" "-f" "a54b47db5f6177a9ef0417c7fcf998a25be13b2ccfd5ae9f62b01793b4f18e41", kill_on_drop: false }`
[INFO] [stdout] a54b47db5f6177a9ef0417c7fcf998a25be13b2ccfd5ae9f62b01793b4f18e41
[INFO] running `Command { std: "docker" "create" "-v" "/var/lib/crater-agent-workspace/builds/worker-9/target:/opt/rustwide/target:rw,Z" "-v" "/var/lib/crater-agent-workspace/builds/worker-9/source:/opt/rustwide/workdir:ro,Z" "-v" "/var/lib/crater-agent-workspace/cargo-home:/opt/rustwide/cargo-home:ro,Z" "-v" "/var/lib/crater-agent-workspace/rustup-home:/opt/rustwide/rustup-home:ro,Z" "-e" "SOURCE_DIR=/opt/rustwide/workdir" "-e" "CARGO_TARGET_DIR=/opt/rustwide/target" "-e" "CARGO_INCREMENTAL=0" "-e" "RUST_BACKTRACE=full" "-e" "RUSTFLAGS=--cap-lints=forbid" "-e" "CARGO_HOME=/opt/rustwide/cargo-home" "-e" "RUSTUP_HOME=/opt/rustwide/rustup-home" "-w" "/opt/rustwide/workdir" "-m" "1610612736" "--user" "0:0" "--network" "none" "rustops/crates-build-env@sha256:d92eaeed33fa75130ca1ee6c8a01d1ffb62bac859dfdfb3450e3e5d1c0146529" "/opt/rustwide/cargo-home/bin/cargo" "+72f88fc4e9458f89516a0b8b0868f3718aec5b47" "check" "--frozen" "--all" "--all-targets" "--message-format=json", kill_on_drop: false }`
[INFO] [stdout] 0eecd828ac2a47a9937d3e3064feb037f9f9d94f1e015abd56f2097516f1936a
[INFO] [stderr] WARNING: Your kernel does not support swap limit capabilities or the cgroup is not mounted. Memory limited without swap.
[INFO] running `Command { std: "docker" "start" "-a" "0eecd828ac2a47a9937d3e3064feb037f9f9d94f1e015abd56f2097516f1936a", kill_on_drop: false }`
[INFO] [stderr]    Compiling autocfg v1.0.1
[INFO] [stderr]    Compiling libc v0.2.77
[INFO] [stderr]    Compiling maybe-uninit v2.0.0
[INFO] [stderr]    Compiling byteorder v1.3.4
[INFO] [stderr]     Checking rand_core v0.4.2
[INFO] [stderr]    Compiling autocfg v0.1.7
[INFO] [stderr]    Compiling bitflags v1.2.1
[INFO] [stderr]    Compiling khronos_api v3.1.0
[INFO] [stderr]    Compiling libloading v0.6.3
[INFO] [stderr]    Compiling cfg-if v0.1.10
[INFO] [stderr]    Compiling getrandom v0.1.15
[INFO] [stderr]    Compiling semver-parser v0.7.0
[INFO] [stderr]    Compiling rayon-core v1.8.0
[INFO] [stderr]     Checking linked-hash-map v0.5.3
[INFO] [stderr]     Checking rustc-hash v1.1.0
[INFO] [stderr]    Compiling pkg-config v0.3.18
[INFO] [stderr]     Checking rustc-serialize v0.3.24
[INFO] [stderr]    Compiling typenum v1.12.0
[INFO] [stderr]    Compiling proc-macro2 v1.0.21
[INFO] [stderr]     Checking ppv-lite86 v0.2.9
[INFO] [stderr]    Compiling syn v0.15.44
[INFO] [stderr]    Compiling crc32fast v1.2.0
[INFO] [stderr]     Checking scopeguard v0.3.3
[INFO] [stderr]     Checking xdg v2.2.0
[INFO] [stderr]     Checking hashbrown v0.9.0
[INFO] [stderr]     Checking rawpointer v0.2.1
[INFO] [stderr]     Checking lzw v0.10.0
[INFO] [stderr]     Checking color_quant v1.0.1
[INFO] [stderr]     Checking fixedbitset v0.2.0
[INFO] [stderr]    Compiling serde_derive v1.0.116
[INFO] [stderr]     Checking scoped_threadpool v0.1.9
[INFO] [stderr]     Checking slab v0.4.2
[INFO] [stderr]     Checking nom v1.2.4
[INFO] [stderr]     Checking bitflags v0.6.0
[INFO] [stderr]     Checking instant v0.1.6
[INFO] [stderr]     Checking rand_core v0.3.1
[INFO] [stderr]     Checking rand_jitter v0.1.4
[INFO] [stderr]    Compiling semver v0.9.0
[INFO] [stderr]    Compiling cmake v0.1.44
[INFO] [stderr]     Checking matrixmultiply v0.2.3
[INFO] [stderr]    Compiling rand_chacha v0.1.1
[INFO] [stderr]    Compiling rand_pcg v0.1.2
[INFO] [stderr]    Compiling rand v0.6.5
[INFO] [stderr]     Checking gif v0.10.3
[INFO] [stderr]    Compiling log v0.4.11
[INFO] [stderr]    Compiling proc-macro2 v0.4.30
[INFO] [stderr]    Compiling num-traits v0.2.12
[INFO] [stderr]    Compiling crossbeam-utils v0.7.2
[INFO] [stderr]    Compiling memoffset v0.5.5
[INFO] [stderr]    Compiling crossbeam-epoch v0.8.2
[INFO] [stderr]    Compiling num-integer v0.1.43
[INFO] [stderr]    Compiling num-iter v0.1.41
[INFO] [stderr]    Compiling num-rational v0.2.4
[INFO] [stderr]    Compiling num-complex v0.2.4
[INFO] [stderr]    Compiling indexmap v1.6.0
[INFO] [stderr]    Compiling rayon v1.4.0
[INFO] [stderr]     Checking lock_api v0.1.5
[INFO] [stderr]     Checking rand_isaac v0.1.1
[INFO] [stderr]     Checking rand_hc v0.1.0
[INFO] [stderr]     Checking rand_xorshift v0.1.1
[INFO] [stderr]    Compiling rustc_version v0.2.3
[INFO] [stderr]     Checking log v0.3.9
[INFO] [stderr]    Compiling x11-dl v2.18.5
[INFO] [stderr]    Compiling glfw-sys v3.3.2
[INFO] [stderr]     Checking semver v0.2.3
[INFO] [stderr]     Checking dlib v0.4.2
[INFO] [stderr]     Checking smallvec v0.6.13
[INFO] [stderr]    Compiling gl_generator v0.10.0
[INFO] [stderr]    Compiling gl_generator v0.14.0
[INFO] [stderr]     Checking wayland-sys v0.21.13
[INFO] [stderr]    Compiling quote v0.6.13
[INFO] [stderr]     Checking stb_truetype v0.3.1
[INFO] [stderr]     Checking deflate v0.7.20
[INFO] [stderr]    Compiling parking_lot_core v0.4.0
[INFO] [stderr]    Compiling quote v1.0.7
[INFO] [stderr]    Compiling wayland-scanner v0.21.13
[INFO] [stderr]     Checking crossbeam-channel v0.4.4
[INFO] [stderr]     Checking num_cpus v1.13.0
[INFO] [stderr]     Checking nix v0.14.1
[INFO] [stderr]     Checking rand v0.4.6
[INFO] [stderr]     Checking rand_os v0.1.3
[INFO] [stderr]     Checking memmap v0.7.0
[INFO] [stderr]     Checking shared_library v0.1.9
[INFO] [stderr]     Checking petgraph v0.5.1
[INFO] [stderr]     Checking png v0.15.3
[INFO] [stderr]    Compiling syn v1.0.41
[INFO] [stderr]     Checking generic-array v0.13.2
[INFO] [stderr]     Checking rand_core v0.5.1
[INFO] [stderr]     Checking crossbeam-deque v0.7.3
[INFO] [stderr]     Checking osmesa-sys v0.1.2
[INFO] [stderr]     Checking approx v0.3.2
[INFO] [stderr]     Checking ordered-float v1.1.0
[INFO] [stderr]     Checking line_drawing v0.7.0
[INFO] [stderr]     Checking num-complex v0.1.43
[INFO] [stderr]     Checking num-traits v0.1.43
[INFO] [stderr]     Checking rand_chacha v0.2.2
[INFO] [stderr]    Compiling glutin v0.19.0
[INFO] [stderr]     Checking rand v0.3.23
[INFO] [stderr]     Checking enum_primitive v0.1.1
[INFO] [stderr]     Checking rusttype v0.8.3
[INFO] [stderr]    Compiling gl v0.14.0
[INFO] [stderr]     Checking num-bigint v0.1.44
[INFO] [stderr]     Checking simba v0.2.0
[INFO] [stderr]     Checking rand v0.7.3
[INFO] [stderr]     Checking rusttype v0.7.9
[INFO] [stderr]     Checking andrew v0.2.1
[INFO] [stderr]     Checking parking_lot v0.7.1
[INFO] [stderr]     Checking num-rational v0.1.42
[INFO] [stderr]    Compiling wayland-client v0.21.13
[INFO] [stderr]    Compiling wayland-protocols v0.21.13
[INFO] [stderr]     Checking rand_distr v0.2.2
[INFO] [stderr]     Checking num v0.1.42
[INFO] [stderr]     Checking nalgebra v0.8.2
[INFO] [stderr]     Checking glfw v0.8.0
[INFO] [stderr]     Checking nalgebra v0.22.0
[INFO] [stderr]    Compiling num-derive v0.2.5
[INFO] [stderr]     Checking wayland-commons v0.21.13
[INFO] [stderr]     Checking jpeg-decoder v0.1.20
[INFO] [stderr]     Checking tiff v0.3.1
[INFO] [stderr]     Checking image v0.22.5
[INFO] [stderr]     Checking smithay-client-toolkit v0.4.6
[INFO] [stderr]     Checking winit v0.18.1
[INFO] [stderr]     Checking ncollide3d v0.24.0
[INFO] [stderr]     Checking kiss3d v0.25.0 (https://github.com/sebcrozet/kiss3d#3fd1ec19)
[INFO] [stderr]     Checking voxel-editor v0.1.0 (/opt/rustwide/workdir)
[INFO] [stdout] error[E0308]: mismatched types
[INFO] [stdout]   --> src/main.rs:15:35
[INFO] [stdout]    |
[INFO] [stdout] 15 |     let mut camera = ArcBall::new(Point3::new(2f32, 2.0, 2.0), na::origin());
[INFO] [stdout]    |                                   ^^^^^^^^^^^^^^^^^^^^^^^^^^^ expected struct `kiss3d::nalgebra::Point`, found struct `na::Point3`
[INFO] [stdout]    |
[INFO] [stdout]    = note: expected struct `kiss3d::nalgebra::Point<f32, U3>`
[INFO] [stdout]               found struct `na::Point3<f32>`
[INFO] [stdout] 
[INFO] [stdout] 
[INFO] [stdout] error[E0277]: the trait bound `kiss3d::nalgebra::Point<f32, U3>: Origin` is not satisfied
[INFO] [stdout]    --> src/main.rs:15:64
[INFO] [stdout]     |
[INFO] [stdout] 15  |     let mut camera = ArcBall::new(Point3::new(2f32, 2.0, 2.0), na::origin());
[INFO] [stdout]     |                                                                ^^^^^^^^^^ the trait `Origin` is not implemented for `kiss3d::nalgebra::Point<f32, U3>`
[INFO] [stdout]     | 
[INFO] [stdout]    ::: /opt/rustwide/cargo-home/registry/src/github.com-1ecc6299db9ec823/nalgebra-0.8.2/src/lib.rs:308:18
[INFO] [stdout]     |
[INFO] [stdout] 308 | pub fn origin<P: Origin>() -> P {
[INFO] [stdout]     |                  ------ required by this bound in `na::origin`
[INFO] [stdout] 
[INFO] [stdout] 
[INFO] [stdout] error[E0308]: mismatched types
[INFO] [stdout]   --> src/main.rs:15:35
[INFO] [stdout]    |
[INFO] [stdout] 15 |     let mut camera = ArcBall::new(Point3::new(2f32, 2.0, 2.0), na::origin());
[INFO] [stdout]    |                                   ^^^^^^^^^^^^^^^^^^^^^^^^^^^ expected struct `kiss3d::nalgebra::Point`, found struct `na::Point3`
[INFO] [stdout]    |
[INFO] [stdout]    = note: expected struct `kiss3d::nalgebra::Point<f32, U3>`
[INFO] [stdout]               found struct `na::Point3<f32>`
[INFO] [stdout] 
[INFO] [stdout] 
[INFO] [stdout] error[E0277]: the trait bound `kiss3d::nalgebra::Point<f32, U3>: Origin` is not satisfied
[INFO] [stdout]    --> src/main.rs:15:64
[INFO] [stdout]     |
[INFO] [stdout] 15  |     let mut camera = ArcBall::new(Point3::new(2f32, 2.0, 2.0), na::origin());
[INFO] [stdout]     |                                                                ^^^^^^^^^^ the trait `Origin` is not implemented for `kiss3d::nalgebra::Point<f32, U3>`
[INFO] [stdout]     | 
[INFO] [stdout]    ::: /opt/rustwide/cargo-home/registry/src/github.com-1ecc6299db9ec823/nalgebra-0.8.2/src/lib.rs:308:18
[INFO] [stdout]     |
[INFO] [stdout] 308 | pub fn origin<P: Origin>() -> P {
[INFO] [stdout]     |                  ------ required by this bound in `na::origin`
[INFO] [stdout] 
[INFO] [stdout] 
[INFO] [stdout] error[E0308]: mismatched types
[INFO] [stdout]   --> src/main.rs:17:38
[INFO] [stdout]    |
[INFO] [stdout] 17 |     window.set_light(Light::Absolute(na::Point3::new(0.0, 10.0, 10.0)));
[INFO] [stdout]    |                                      ^^^^^^^^^^^^^^^^^^^^^^^^^^^^^^^^ expected struct `kiss3d::nalgebra::Point`, found struct `na::Point3`
[INFO] [stdout]    |
[INFO] [stdout]    = note: expected struct `kiss3d::nalgebra::Point<f32, U3>`
[INFO] [stdout]               found struct `na::Point3<{float}>`
[INFO] [stdout] 
[INFO] [stdout] 
[INFO] [stdout] error[E0599]: no method named `glfw_window` found for struct `kiss3d::window::Window` in the current scope
[INFO] [stdout]   --> src/main.rs:25:34
[INFO] [stdout]    |
[INFO] [stdout] 25 |             let gwindow = window.glfw_window();
[INFO] [stdout]    |                                  ^^^^^^^^^^^ method not found in `kiss3d::window::Window`
[INFO] [stdout] 
[INFO] [stdout] 
[INFO] [stdout] error[E0308]: mismatched types
[INFO] [stdout]   --> src/main.rs:33:17
[INFO] [stdout]    |
[INFO] [stdout] 32 |             match event.value {
[INFO] [stdout]    |                   ----------- this expression has type `kiss3d::event::WindowEvent`
[INFO] [stdout] 33 |                 WindowEvent::Scroll(x, y) => {
[INFO] [stdout]    |                 ^^^^^^^^^^^^^^^^^^^^^^^^^ expected enum `kiss3d::event::WindowEvent`, found enum `glfw::WindowEvent`
[INFO] [stdout] 
[INFO] [stdout] 
[INFO] [stdout] error[E0308]: mismatched types
[INFO] [stdout]   --> src/main.rs:17:38
[INFO] [stdout]    |
[INFO] [stdout] 17 |     window.set_light(Light::Absolute(na::Point3::new(0.0, 10.0, 10.0)));
[INFO] [stdout]    |                                      ^^^^^^^^^^^^^^^^^^^^^^^^^^^^^^^^ expected struct `kiss3d::nalgebra::Point`, found struct `na::Point3`
[INFO] [stdout]    |
[INFO] [stdout]    = note: expected struct `kiss3d::nalgebra::Point<f32, U3>`
[INFO] [stdout]               found struct `na::Point3<{float}>`
[INFO] [stdout] 
[INFO] [stdout] 
[INFO] [stdout] error[E0599]: no method named `glfw_window` found for struct `kiss3d::window::Window` in the current scope
[INFO] [stdout]   --> src/main.rs:35:49
[INFO] [stdout]    |
[INFO] [stdout] 35 |                     camera.handle_event(&window.glfw_window(), &event);
[INFO] [stdout]    |                                                 ^^^^^^^^^^^ method not found in `kiss3d::window::Window`
[INFO] [stdout] 
[INFO] [stdout] 
[INFO] [stdout] error[E0599]: no method named `glfw_window` found for struct `kiss3d::window::Window` in the current scope
[INFO] [stdout]   --> src/main.rs:25:34
[INFO] [stdout]    |
[INFO] [stdout] 25 |             let gwindow = window.glfw_window();
[INFO] [stdout]    |                                  ^^^^^^^^^^^ method not found in `kiss3d::window::Window`
[INFO] [stdout] 
[INFO] [stdout] 
[INFO] [stdout] error[E0308]: mismatched types
[INFO] [stdout]   --> src/main.rs:33:17
[INFO] [stdout]    |
[INFO] [stdout] 32 |             match event.value {
[INFO] [stdout]    |                   ----------- this expression has type `kiss3d::event::WindowEvent`
[INFO] [stdout] 33 |                 WindowEvent::Scroll(x, y) => {
[INFO] [stdout]    |                 ^^^^^^^^^^^^^^^^^^^^^^^^^ expected enum `kiss3d::event::WindowEvent`, found enum `glfw::WindowEvent`
[INFO] [stdout] 
[INFO] [stdout] 
[INFO] [stdout] error[E0599]: no method named `glfw_window` found for struct `kiss3d::window::Window` in the current scope
[INFO] [stdout]   --> src/main.rs:35:49
[INFO] [stdout]    |
[INFO] [stdout] 35 |                     camera.handle_event(&window.glfw_window(), &event);
[INFO] [stdout]    |                                                 ^^^^^^^^^^^ method not found in `kiss3d::window::Window`
[INFO] [stdout] 
[INFO] [stdout] 
[INFO] [stdout] error[E0308]: mismatched types
[INFO] [stdout]   --> src/main.rs:35:64
[INFO] [stdout]    |
[INFO] [stdout] 35 |                     camera.handle_event(&window.glfw_window(), &event);
[INFO] [stdout]    |                                                                ^^^^^^ expected enum `kiss3d::event::WindowEvent`, found enum `glfw::WindowEvent`
[INFO] [stdout]    |
[INFO] [stdout]    = note: expected reference `&kiss3d::event::WindowEvent`
[INFO] [stdout]               found reference `&glfw::WindowEvent`
[INFO] [stdout] 
[INFO] [stdout] 
[INFO] [stdout] error: aborting due to 7 previous errors
[INFO] [stdout] 
[INFO] [stdout] 
[INFO] [stdout] Some errors have detailed explanations: E0277, E0308, E0599.
[INFO] [stdout] 
[INFO] [stdout] For more information about an error, try `rustc --explain E0277`.
[INFO] [stdout] 
[INFO] [stderr] error: could not compile `voxel-editor`.
[INFO] [stderr] 
[INFO] [stderr] To learn more, run the command again with --verbose.
[INFO] [stderr] warning: build failed, waiting for other jobs to finish...
[INFO] [stdout] error[E0308]: mismatched types
[INFO] [stdout]   --> src/main.rs:35:64
[INFO] [stdout]    |
[INFO] [stdout] 35 |                     camera.handle_event(&window.glfw_window(), &event);
[INFO] [stdout]    |                                                                ^^^^^^ expected enum `kiss3d::event::WindowEvent`, found enum `glfw::WindowEvent`
[INFO] [stdout]    |
[INFO] [stdout]    = note: expected reference `&kiss3d::event::WindowEvent`
[INFO] [stdout]               found reference `&glfw::WindowEvent`
[INFO] [stdout] 
[INFO] [stdout] 
[INFO] [stdout] error: aborting due to 7 previous errors
[INFO] [stdout] 
[INFO] [stdout] 
[INFO] [stdout] Some errors have detailed explanations: E0277, E0308, E0599.
[INFO] [stdout] 
[INFO] [stdout] For more information about an error, try `rustc --explain E0277`.
[INFO] [stdout] 
[INFO] [stderr] error: build failed
[INFO] running `Command { std: "docker" "inspect" "0eecd828ac2a47a9937d3e3064feb037f9f9d94f1e015abd56f2097516f1936a", kill_on_drop: false }`
[INFO] running `Command { std: "docker" "rm" "-f" "0eecd828ac2a47a9937d3e3064feb037f9f9d94f1e015abd56f2097516f1936a", kill_on_drop: false }`
[INFO] [stdout] 0eecd828ac2a47a9937d3e3064feb037f9f9d94f1e015abd56f2097516f1936a
